?
14
What is the remainder when 142 is divided by 38?
28
Calculate the remainder when 2101 is divided by 654.
139
Calculate the remainder when 71 is divided by 15.
11
What is the remainder when 102 is divided by 96?
6
What is the remainder when 151 is divided by 32?
23
Calculate the remainder when 140 is divided by 34.
4
What is the remainder when 2975 is divided by 19?
11
What is the remainder when 568 is divided by 144?
136
What is the remainder when 371 is divided by 34?
31
Calculate the remainder when 491 is divided by 102.
83
Calculate the remainder when 92 is divided by 39.
14
What is the remainder when 6910 is divided by 1725?
10
Calculate the remainder when 356 is divided by 51.
50
Calculate the remainder when 193 is divided by 98.
95
Calculate the remainder when 9321 is divided by 111.
108
What is the remainder when 364 is divided by 149?
66
Calculate the remainder when 418 is divided by 14.
12
Calculate the remainder when 191 is divided by 184.
7
What is the remainder when 53 is divided by 11?
9
Calculate the remainder when 286 is divided by 8.
6
What is the remainder when 328 is divided by 152?
24
Calculate the remainder when 228 is divided by 82.
64
What is the remainder when 417 is divided by 137?
6
What is the remainder when 74 is divided by 15?
14
What is the remainder when 341 is divided by 18?
17
What is the remainder when 8548 is divided by 45?
43
What is the remainder when 2432 is divided by 12?
8
What is the remainder when 435 is divided by 64?
51
What is the remainder when 157 is divided by 5?
2
What is the remainder when 747 is divided by 75?
72
Calculate the remainder when 164 is divided by 56.
52
What is the remainder when 636 is divided by 4?
0
Calculate the remainder when 207 is divided by 35.
32
What is the remainder when 142 is divided by 30?
22
What is the remainder when 618 is divided by 292?
34
What is the remainder when 317 is divided by 54?
47
What is the remainder when 1841 is divided by 602?
35
What is the remainder when 116 is divided by 72?
44
Calculate the remainder when 664 is divided by 314.
36
Calculate the remainder when 4209 is divided by 280.
9
What is the remainder when 85 is divided by 18?
13
What is the remainder when 132 is divided by 39?
15
Calculate the remainder when 230 is divided by 228.
2
What is the remainder when 45 is divided by 18?
9
What is the remainder when 2381 is divided by 340?
1
What is the remainder when 48 is divided by 9?
3
What is the remainder when 356 is divided by 30?
26
Calculate the remainder when 344 is divided by 48.
8
What is the remainder when 707 is divided by 41?
10
Calculate the remainder when 1876 is divided by 158.
138
Calculate the remainder when 58 is divided by 10.
8
What is the remainder when 493 is divided by 11?
9
Calculate the remainder when 2013 is divided by 16.
13
Calculate the remainder when 837 is divided by 98.
53
What is the remainder when 6996 is divided by 70?
66
What is the remainder when 864 is divided by 61?
10
Calculate the remainder when 182 is divided by 48.
38
Calculate the remainder when 914 is divided by 420.
74
Calculate the remainder when 349 is divided by 111.
16
Calculate the remainder when 861 is divided by 174.
165
What is the remainder when 6598 is divided by 132?
130
Calculate the remainder when 603 is divided by 16.
11
What is the remainder when 352 is divided by 45?
37
Calculate the remainder when 6359 is divided by 12.
11
What is the remainder when 109 is divided by 16?
13
Calculate the remainder when 1229 is divided by 82.
81
What is the remainder when 95 is divided by 34?
27
Calculate the remainder when 263 is divided by 134.
129
Calculate the remainder when 324 is divided by 82.
78
What is the remainder when 430 is divided by 31?
27
What is the remainder when 63 is divided by 5?
3
Calculate the remainder when 2587 is divided by 1292.
3
What is the remainder when 3290 is divided by 171?
41
What is the remainder when 1186 is divided by 234?
16
Calculate the remainder when 13673 is divided by 57.
50
Calculate the remainder when 128 is divided by 8.
0
Calculate the remainder when 1985 is divided by 28.
25
Calculate the remainder when 27 is divided by 2.
1
Calculate the remainder when 2349 is divided by 168.
165
Calculate the remainder when 355 is divided by 40.
35
What is the remainder when 1121 is divided by 214?
51
What is the remainder when 215 is divided by 16?
7
Calculate the remainder when 437 is divided by 145.
2
What is the remainder when 80 is divided by 35?
10
What is the remainder when 30 is divided by 11?
8
Calculate the remainder when 147 is divided by 25.
22
Calculate the remainder when 172 is divided by 35.
32
Calculate the remainder when 4430 is divided by 22.
8
Calculate the remainder when 442 is divided by 114.
100
What is the remainder when 1375 is divided by 163?
71
What is the remainder when 310 is divided by 106?
98
Calculate the remainder when 607 is divided by 36.
31
What is the remainder when 304 is divided by 45?
34
What is the remainder when 157 is divided by 21?
10
What is the remainder when 388 is divided by 4?
0
Calculate the remainder when 262 is divided by 38.
34
Calculate the remainder when 23 is divided by 2.
1
What is the remainder when 6167 is divided by 199?
197
What is the remainder when 1204 is divided by 19?
7
What is the remainder when 2242 is divided by 47?
33
Calculate the remainder when 539 is divided by 360.
179
Calculate the remainder when 723 is divided by 188.
159
What is the remainder when 57 is divided by 15?
12
What is the remainder when 1496 is divided by 112?
40
Calculate the remainder when 72 is divided by 21.
9
Calculate the remainder when 200 is divided by 29.
26
What is the remainder when 76 is divided by 9?
4
What is the remainder when 59 is divided by 18?
5
What is the remainder when 502 is divided by 17?
9
Calculate the remainder when 1109 is divided by 100.
9
Calculate the remainder when 276 is divided by 36.
24
What is the remainder when 28 is divided by 24?
4
Calculate the remainder when 4217 is divided by 7.
3
What is the remainder when 1319 is divided by 49?
45
What is the remainder when 28 is divided by 4?
0
Calculate the remainder when 324 is divided by 104.
12
What is the remainder when 23767 is divided by 19?
17
Calculate the remainder when 338 is divided by 13.
0
Calculate the remainder when 10906 is divided by 14.
0
What is the remainder when 265 is divided by 98?
69
Calculate the remainder when 101 is divided by 42.
17
What is the remainder when 202 is divided by 38?
12
What is the remainder when 106 is divided by 37?
32
What is the remainder when 70 is divided by 3?
1
Calculate the remainder when 638 is divided by 64.
62
Calculate the remainder when 157 is divided by 57.
43
Calculate the remainder when 36397 is divided by 65.
62
Calculate the remainder when 193 is divided by 50.
43
Calculate the remainder when 133 is divided by 28.
21
What is the remainder when 3101 is divided by 66?
65
What is the remainder when 100 is divided by 13?
9
Calculate the remainder when 482 is divided by 165.
152
Calculate the remainder when 1678 is divided by 28.
26
Calculate the remainder when 21 is divided by 12.
9
Calculate the remainder when 117 is divided by 20.
17
Calculate the remainder when 287 is divided by 36.
35
Calculate the remainder when 854 is divided by 15.
14
What is the remainder when 49 is divided by 5?
4
What is the remainder when 104 is divided by 30?
14
What is the remainder when 94 is divided by 27?
13
What is the remainder when 877 is divided by 165?
52
What is the remainder when 7336 is divided by 54?
46
Calculate the remainder when 933 is divided by 39.
36
What is the remainder when 286 is divided by 29?
25
Calculate the remainder when 2494 is divided by 26.
24
Calculate the remainder when 20374 is divided by 41.
38
What is the remainder when 162 is divided by 124?
38
Calculate the remainder when 49 is divided by 29.
20
Calculate the remainder when 449 is divided by 90.
89
Calculate the remainder when 2544 is divided by 19.
17
Calculate the remainder when 44696 is divided by 141.
140
What is the remainder when 81 is divided by 12?
9
What is the remainder when 7177 is divided by 21?
16
Calculate the remainder when 226 is divided by 48.
34
Calculat